{"id":9,"date":"2021-12-01T15:31:30","date_gmt":"2021-12-01T14:31:30","guid":{"rendered":"http:\/\/blog.espe-bretagne.fr\/spot-numerique\/?page_id=9"},"modified":"2022-01-07T16:15:05","modified_gmt":"2022-01-07T15:15:05","slug":"blog","status":"publish","type":"page","link":"http:\/\/blog.espe-bretagne.fr\/spot-numerique\/blog\/","title":{"rendered":"Liste des spots&#8230;"},"content":{"rendered":"<ul class=\"wp-block-latest-posts__list has-dates wp-block-latest-posts\"><li><a class=\"wp-block-latest-posts__post-title\" href=\"http:\/\/blog.espe-bretagne.fr\/spot-numerique\/2025\/06\/18\/les-intelligences-artificielles-et-nous\/\">Les Intelligences artificielles et nous<\/a><time datetime=\"2025-06-18T10:26:01+02:00\" class=\"wp-block-latest-posts__post-date\">18 juin 2025<\/time><div class=\"wp-block-latest-posts__post-excerpt\">\u2022 Conf\u00e9rence sur l&rsquo;IA dans le cadre des s\u00e9minaires de sites de juin 2025.<br>\n\u2022 Prise de recul sur l&rsquo;IA \u00e0 l&rsquo;INSP\u00c9.<\/div><\/li>\n<li><a class=\"wp-block-latest-posts__post-title\" href=\"http:\/\/blog.espe-bretagne.fr\/spot-numerique\/2025\/01\/14\/creer-des-infographies-geniales-avec-genially\/\">Cr\u00e9er des infographies g\u00e9niales avec Genially<\/a><time datetime=\"2025-01-14T17:00:00+01:00\" class=\"wp-block-latest-posts__post-date\">14 janvier 2025<\/time><div class=\"wp-block-latest-posts__post-excerpt\">\u2022 Webinaire sur l&rsquo;outil Genially \u00e0 destination des formateurs et des personnels biats de l&rsquo;INSP\u00c9 de Bretagne.<br>\n\u2022 Pourquoi Genially, et usages professionnels.<\/div><\/li>\n<li><a class=\"wp-block-latest-posts__post-title\" href=\"http:\/\/blog.espe-bretagne.fr\/spot-numerique\/2024\/10\/10\/intelligence-artificielle-les-outils\/\">Intelligence artificielle &#8211; Les outils<\/a><time datetime=\"2024-10-10T11:10:42+02:00\" class=\"wp-block-latest-posts__post-date\">10 octobre 2024<\/time><div class=\"wp-block-latest-posts__post-excerpt\">\u2022 Webinaire sur les outils de l&rsquo;IA \u00e0 destination des formateurs et des personnels biats de l&rsquo;INSP\u00c9 de Bretagne.<br>\n\u2022 Pour quels usages professionnels, et comment leur parler ?<\/div><\/li>\n<li><a class=\"wp-block-latest-posts__post-title\" href=\"http:\/\/blog.espe-bretagne.fr\/spot-numerique\/2024\/10\/01\/intelligence-artificielle-presentation\/\">Intelligence artificielle &#8211; Pr\u00e9sentation<\/a><time datetime=\"2024-10-01T12:48:10+02:00\" class=\"wp-block-latest-posts__post-date\">1 octobre 2024<\/time><div class=\"wp-block-latest-posts__post-excerpt\">\u2022 Webinaire de pr\u00e9sentation de l&rsquo;IA \u00e0 destination des formateurs et des personnels biats de l&rsquo;INSP\u00c9 de Bretagne.<\/div><\/li>\n<li><a class=\"wp-block-latest-posts__post-title\" href=\"http:\/\/blog.espe-bretagne.fr\/spot-numerique\/2023\/03\/24\/spot-numerique-de-mars-2023\/\">Spot num\u00e9rique de mars 2023<\/a><time datetime=\"2023-03-24T17:18:54+01:00\" class=\"wp-block-latest-posts__post-date\">24 mars 2023<\/time><div class=\"wp-block-latest-posts__post-excerpt\">\u2022 POD, plate-forme de diffusion de vid\u00e9os<br>\n\u2022 Netboard, mur virtuel<\/div><\/li>\n<li><a class=\"wp-block-latest-posts__post-title\" href=\"http:\/\/blog.espe-bretagne.fr\/spot-numerique\/2022\/05\/06\/spot-numerique-de-mai-2022\/\">Spot num\u00e9rique de mai 2022<\/a><time datetime=\"2022-05-06T14:05:03+02:00\" class=\"wp-block-latest-posts__post-date\">6 mai 2022<\/time><div class=\"wp-block-latest-posts__post-excerpt\">\u2022 Le projet Kaligo<br>\n\u2022 Les outils de la Digitale : Digiplay<br>\n\u2022 Cr\u00e9er sa signature dans la messagerie<\/div><\/li>\n<li><a class=\"wp-block-latest-posts__post-title\" href=\"http:\/\/blog.espe-bretagne.fr\/spot-numerique\/2022\/01\/10\/spot-numerique-n1\/\">Spot num\u00e9rique de janvier 2022<\/a><time datetime=\"2022-01-10T09:00:00+01:00\" class=\"wp-block-latest-posts__post-date\">10 janvier 2022<\/time><div class=\"wp-block-latest-posts__post-excerpt\">\u2022 Le mot du charg\u00e9 de mission Cultures Num\u00e9riques<br>\n\u2022 Ouverture de LimeSurvey aux \u00e9tudiants<br>\n\u2022 Fond vert<br>\n\u2022 Importer son emploi du temps<\/div><\/li>\n<li><a class=\"wp-block-latest-posts__post-title\" href=\"http:\/\/blog.espe-bretagne.fr\/spot-numerique\/2022\/01\/10\/spot-numerique-n0\/\">A propos du GT Projets num\u00e9riques<\/a><time datetime=\"2022-01-10T00:00:00+01:00\" class=\"wp-block-latest-posts__post-date\">10 janvier 2022<\/time><div class=\"wp-block-latest-posts__post-excerpt\">\u2022 Pour le d\u00e9veloppement, la mutualisation et l&rsquo;\u00e9change de pratiques num\u00e9riques sur les sites de formation.<\/div><\/li>\n<\/ul>\n\n\n<p><\/p>\n","protected":false},"excerpt":{"rendered":"","protected":false},"author":1,"featured_media":0,"parent":0,"menu_order":0,"comment_status":"closed","ping_status":"closed","template":"","meta":{"footnotes":""},"class_list":["post-9","page","type-page","status-publish","hentry"],"_links":{"self":[{"href":"http:\/\/blog.espe-bretagne.fr\/spot-numerique\/wp-json\/wp\/v2\/pages\/9","targetHints":{"allow":["GET"]}}],"collection":[{"href":"http:\/\/blog.espe-bretagne.fr\/spot-numerique\/wp-json\/wp\/v2\/pages"}],"about":[{"href":"http:\/\/blog.espe-bretagne.fr\/spot-numerique\/wp-json\/wp\/v2\/types\/page"}],"author":[{"embeddable":true,"href":"http:\/\/blog.espe-bretagne.fr\/spot-numerique\/wp-json\/wp\/v2\/users\/1"}],"replies":[{"embeddable":true,"href":"http:\/\/blog.espe-bretagne.fr\/spot-numerique\/wp-json\/wp\/v2\/comments?post=9"}],"version-history":[{"count":4,"href":"http:\/\/blog.espe-bretagne.fr\/spot-numerique\/wp-json\/wp\/v2\/pages\/9\/revisions"}],"predecessor-version":[{"id":157,"href":"http:\/\/blog.espe-bretagne.fr\/spot-numerique\/wp-json\/wp\/v2\/pages\/9\/revisions\/157"}],"wp:attachment":[{"href":"http:\/\/blog.espe-bretagne.fr\/spot-numerique\/wp-json\/wp\/v2\/media?parent=9"}],"curies":[{"name":"wp","href":"https:\/\/api.w.org\/{rel}","templated":true}]}}