{"id":31,"date":"2011-12-14T09:32:23","date_gmt":"2011-12-14T09:32:23","guid":{"rendered":"http:\/\/python.bretagne.iufm.fr\/mobilites-etudiantes-international\/?page_id=31"},"modified":"2022-12-19T07:38:21","modified_gmt":"2022-12-19T07:38:21","slug":"europe-centrale","status":"publish","type":"page","link":"http:\/\/blog.espe-bretagne.fr\/mobilites-internationales\/europe-centrale-2\/europe-centrale\/","title":{"rendered":"Finlande"},"content":{"rendered":"\n<h2 class=\"wp-block-heading\">Ecole Jules Verne &#8211; Helsinki <\/h2>\n\n\n\n<p><em>(retour d&rsquo;exp\u00e9rience &#8211; janvier 2019)<\/em><\/p>\n\n\n<div class=\"wp-block-image\">\n<figure class=\"aligncenter size-full is-resized\"><a href=\"http:\/\/blog.espe-bretagne.fr\/mobilites-internationales\/wp-content\/uploads\/ecole-jules-verne-helsinki.jpg\"><img loading=\"lazy\" decoding=\"async\" src=\"http:\/\/blog.espe-bretagne.fr\/mobilites-internationales\/wp-content\/uploads\/ecole-jules-verne-helsinki.jpg\" alt=\"\" class=\"wp-image-1368\" width=\"280\" height=\"186\" srcset=\"http:\/\/blog.espe-bretagne.fr\/mobilites-internationales\/wp-content\/uploads\/ecole-jules-verne-helsinki.jpg 720w, http:\/\/blog.espe-bretagne.fr\/mobilites-internationales\/wp-content\/uploads\/ecole-jules-verne-helsinki-300x199.jpg 300w, http:\/\/blog.espe-bretagne.fr\/mobilites-internationales\/wp-content\/uploads\/ecole-jules-verne-helsinki-150x100.jpg 150w\" sizes=\"auto, (max-width: 280px) 100vw, 280px\" \/><\/a><\/figure>\n<\/div>\n\n\n<p>Dans le cadre du M1 MEEF \u2013 Parcours Professeur des \u00e9coles, l\u2019ESPE offre l\u2019opportunit\u00e9 de r\u00e9aliser le stage de Pratique Accompagn\u00e9e d\u2019une dur\u00e9e de 3 semaines \u00e0 l\u2019\u00e9tranger.<\/p>\n\n\n\n<p>C\u2019est dans ce cadre que nous nous sommes rendues \u00e0 Helsinki en Finlande du 14 janvier au 2 f\u00e9vrier 2019.<\/p>\n\n\n\n<p>L\u2019\u00e9cole fran\u00e7aise Jules Verne fait partie de l\u2019Agence pour l\u2019Enseignement du Fran\u00e7ais \u00e0 l\u2019Etranger. En Finlande, elle est consid\u00e9r\u00e9e comme une \u00e9cole priv\u00e9e et dispense les programmes d\u2019enseignement de l\u2019\u00c9ducation Nationale fran\u00e7aise.<\/p>\n\n\n\n<p>Les \u00e9l\u00e8ves fran\u00e7ais ne sont pas majoritaires dans l\u2019\u00e9cole. En effet, bon nombre d\u2019entre eux sont finlandais, fran\u00e7ais, canadiens, espagnols, russes, tha\u00eflandais &#8230; Les parents des \u00e9l\u00e8ves de l\u2019\u00e9cole fran\u00e7aise Jules Verne sont d\u00e9sireux d\u2019y inscrire leurs enfants pour leur assurer un apprentissage du fran\u00e7ais, ou une continuit\u00e9 d\u2019apprentissage pour les familles francophones.<\/p>\n\n\n\n<p>Il y a 130 \u00e9l\u00e8ves r\u00e9partis dans 6 classes allant de la TPS au CM2 : TPS\/PS &#8211; MS &#8211; GS &#8211; CP &#8211; CE1\/CE2 &#8211; CE2\/CM1\/CM2<\/p>\n\n\n\n<p>Les \u00e9l\u00e8ves peuvent \u00eatre accueillis en cours de scolarit\u00e9, \u00e0 partir du CP, mais une ma\u00eetrise de la langue fran\u00e7aise orale est demand\u00e9e.<\/p>\n\n\n\n<p>L\u2019\u00e9quipe enseignante est tr\u00e8s accueillante et s\u2019est montr\u00e9e tr\u00e8s disponible pour nous aider \u00e0 cr\u00e9er des s\u00e9quences, des s\u00e9ances \u00e0 mettre en place dans les classes. Nous n\u2019avons que tr\u00e8s peu chang\u00e9 de classes et sommes rest\u00e9es sur nos classes respectives, CE2\/CM1\/CM2 pour l\u2019une et GS pour l\u2019autre.<\/p>\n\n\n\n<p>L\u2019\u00e9quipe enseignante et la secr\u00e9taire de l\u2019\u00e9cole se sont aussi montr\u00e9es d\u2019une pr\u00e9cieuse aide pour organiser nos diff\u00e9rentes visites de la ville d\u2019Helsinki. En effet, le stage, ce n\u2019est pas que l\u2019\u00e9cole, c\u2019est \u00e9galement une ouverture culturelle qui nous offre la possibilit\u00e9 de visiter une capitale europ\u00e9enne et de d\u00e9couvrir une nouvelle culture.<\/p>\n\n\n\n<p>Helsinki est situ\u00e9e au bord de la mer baltique et plus pr\u00e9cis\u00e9ment au bord du Golfe de Finlande. Il y a de nombreux bras de mer au sein de la ville, c\u2019est tr\u00e8s agr\u00e9able de se promener au bord de l\u2019eau. Pensez \u00e0 vous arr\u00eater au Cafe Regatta ! De plus, en janvier, la mer est gel\u00e9e, il est donc possible de marcher dessus (ou skier) ! Mais Helsinki comporte aussi de nombreux parcs, for\u00eats, donc inutile d\u2019aller bien loin pour se croire en pleine campagne ! Les ballades sont la premi\u00e8re activit\u00e9 que vous pourrez r\u00e9aliser en arrivant en Finlande !<\/p>\n\n\n\n<p>A ce sujet, le stage se d\u00e9roule en janvier\/f\u00e9vrier, \u00e0 cette p\u00e9riode il fait TRES froid, entre 0 et -20\u00b0C, et il NEIGE. Il faut donc penser \u00e0 bien s\u2019\u00e9quiper : pantalon de ski (surpantalon), collants ou leggins, manteau adapt\u00e9, bonnet, \u00e9charpe et tour de cou, gants, chaussures et grosses chaussettes. Il n\u2019y a qu\u2019une seule r\u00e9cr\u00e9ation par jour le matin et elle peut paraitre bien longue si l\u2019on n\u2019est pas \u00e9quip\u00e9 correctement.<\/p>\n\n\n\n<p>Pour les activit\u00e9s au sein de Helsinki, vous ne vous ennuierez pas : mus\u00e9e d\u2019histoire naturelle, cath\u00e9drale orthodoxe, luth\u00e9rienne, place du S\u00e9nat, sauna et baignade dans la mer gel\u00e9e, l\u2019\u00eele de Suommenlina (patrimoine mondial de l\u2019UNESCO), ski de fond, patinage, Oodi (biblioth\u00e8que nationale qui vaut le d\u00e9tour), match de hockey et bien plus encore.<\/p>\n\n\n\n<p>Helsinki est proche de l\u2019Estonie et de sa capitale : Tallinn, il est donc tr\u00e8s facile de s\u2019y rendre en bateau \u00e0 la journ\u00e9e (2h30 de travers\u00e9e), ce n\u2019est pas cher (12\u20ac\/personne pour nous \u2026) et tr\u00e8s joli ! Cela vaut le d\u00e9tour !<\/p>\n\n\n\n<p>Quelques informations techniques :<\/p>\n\n\n\n<ol class=\"wp-block-list\" type=\"1\"><li>Helsinki est une ville assez ch\u00e8re, notre budget commun a \u00e9t\u00e9 de 2 500 \u20ac tout compris (avion, repas, transport, h\u00e9bergement, visites, restaurants, souvenirs &#8230;). 950\u20ac\/personne reste jouable, si l\u2019on est \u00e9conome et que l\u2019on ram\u00e8ne peu de souvenirs.<\/li><li>Pour l\u2019avion, nous avons choisi la compagnie Lufthansa&nbsp;: au top, avec petit passage par Munich, un peu plus long mais vu l\u2019\u00e9conomie, c\u2019est int\u00e9ressant ! (230\u20ac\/personne)<\/li><li>Pour les transports, une carte est fournie par l\u2019\u00e9cole avec 50\u20ac dessus. Nous y avons ajout\u00e9 150\u20ac. La ville est super bien desservie : bus, tram, m\u00e9tro.<\/li><li>Pour les repas, la cantine est offerte le midi \u00e0 l\u2019\u00e9cole. Les restaurants sont un peu chers mais si l\u2019on cherche un peu, certains sont abordables. Pour des courses alimentaires moins couteuses, privil\u00e9gi\u00e9 les produits locaux, de saison et \u00e9vit\u00e9 la viande.<\/li><li>En ce qui concerne le logement, Airbnb reste le plus facile pour trouver un logement m\u00eame s\u2019il faut compter 800\u20ac au minimum pour les 3 semaines.<\/li><\/ol>\n\n\n\n<p>Aude &amp; Liza<\/p>\n\n\n","protected":false},"excerpt":{"rendered":"<p>Ecole Jules Verne &#8211; Helsinki (retour d&rsquo;exp\u00e9rience &#8211; janvier 2019) Dans le cadre du M1 MEEF \u2013 Parcours Professeur des \u00e9coles, l\u2019ESPE offre l\u2019opportunit\u00e9 de r\u00e9aliser le stage de Pratique Accompagn\u00e9e d\u2019une dur\u00e9e de 3 semaines \u00e0 l\u2019\u00e9tranger. C\u2019est dans ce cadre que nous nous sommes rendues \u00e0 Helsinki en\u2026<\/p>\n<p> <a class=\"continue-reading-link\" href=\"http:\/\/blog.espe-bretagne.fr\/mobilites-internationales\/europe-centrale-2\/europe-centrale\/\"><span>Continue reading<\/span><i class=\"crycon-right-dir\"><\/i><\/a> <\/p>\n","protected":false},"author":1,"featured_media":0,"parent":69,"menu_order":0,"comment_status":"closed","ping_status":"closed","template":"","meta":{"footnotes":""},"class_list":["post-31","page","type-page","status-publish","hentry"],"_links":{"self":[{"href":"http:\/\/blog.espe-bretagne.fr\/mobilites-internationales\/wp-json\/wp\/v2\/pages\/31","targetHints":{"allow":["GET"]}}],"collection":[{"href":"http:\/\/blog.espe-bretagne.fr\/mobilites-internationales\/wp-json\/wp\/v2\/pages"}],"about":[{"href":"http:\/\/blog.espe-bretagne.fr\/mobilites-internationales\/wp-json\/wp\/v2\/types\/page"}],"author":[{"embeddable":true,"href":"http:\/\/blog.espe-bretagne.fr\/mobilites-internationales\/wp-json\/wp\/v2\/users\/1"}],"replies":[{"embeddable":true,"href":"http:\/\/blog.espe-bretagne.fr\/mobilites-internationales\/wp-json\/wp\/v2\/comments?post=31"}],"version-history":[{"count":18,"href":"http:\/\/blog.espe-bretagne.fr\/mobilites-internationales\/wp-json\/wp\/v2\/pages\/31\/revisions"}],"predecessor-version":[{"id":1411,"href":"http:\/\/blog.espe-bretagne.fr\/mobilites-internationales\/wp-json\/wp\/v2\/pages\/31\/revisions\/1411"}],"up":[{"embeddable":true,"href":"http:\/\/blog.espe-bretagne.fr\/mobilites-internationales\/wp-json\/wp\/v2\/pages\/69"}],"wp:attachment":[{"href":"http:\/\/blog.espe-bretagne.fr\/mobilites-internationales\/wp-json\/wp\/v2\/media?parent=31"}],"curies":[{"name":"wp","href":"https:\/\/api.w.org\/{rel}","templated":true}]}}