{"id":1579,"date":"2022-12-19T09:19:15","date_gmt":"2022-12-19T09:19:15","guid":{"rendered":"http:\/\/blog.espe-bretagne.fr\/mobilites-internationales\/?page_id=1579"},"modified":"2025-01-29T08:08:27","modified_gmt":"2025-01-29T08:08:27","slug":"republique-tcheque","status":"publish","type":"page","link":"http:\/\/blog.espe-bretagne.fr\/mobilites-internationales\/ambassade-formalites-dentree-dans-le-pays\/republique-tcheque\/","title":{"rendered":"R\u00e9publique tch\u00e8que"},"content":{"rendered":"<div class=\"wp-block-image\">\n<figure class=\"aligncenter size-full\"><a href=\"http:\/\/blog.espe-bretagne.fr\/mobilites-internationales\/wp-content\/uploads\/rep-tcheque.png\"><img loading=\"lazy\" decoding=\"async\" width=\"841\" height=\"354\" src=\"http:\/\/blog.espe-bretagne.fr\/mobilites-internationales\/wp-content\/uploads\/rep-tcheque.png\" alt=\"\" class=\"wp-image-1580\" srcset=\"http:\/\/blog.espe-bretagne.fr\/mobilites-internationales\/wp-content\/uploads\/rep-tcheque.png 841w, http:\/\/blog.espe-bretagne.fr\/mobilites-internationales\/wp-content\/uploads\/rep-tcheque-300x126.png 300w, http:\/\/blog.espe-bretagne.fr\/mobilites-internationales\/wp-content\/uploads\/rep-tcheque-768x323.png 768w, http:\/\/blog.espe-bretagne.fr\/mobilites-internationales\/wp-content\/uploads\/rep-tcheque-150x63.png 150w\" sizes=\"auto, (max-width: 841px) 100vw, 841px\" \/><\/a><\/figure>\n<\/div>\n\n\n<p><strong>Monnaie&nbsp;<\/strong>: Couronne tch\u00e8que (1 couronne tch\u00e8que&nbsp;: 0.041 euro)<\/p>\n\n\n\n<p><strong>Formalit\u00e9s d\u2019entr\u00e9e et de s\u00e9jour&nbsp;:<\/strong><\/p>\n\n\n\n<p>La R\u00e9publique tch\u00e8que appartenant \u00e0 l\u2019espace Schengen, les ressortissants fran\u00e7ais ou d\u2019un \u00c9tat membre de l\u2019Union europ\u00e9enne, quel que soit l\u2019objet de leur visite, ne sont pas soumis \u00e0 l\u2019obligation de visa pour les s\u00e9jours de moins de 3 mois.<\/p>\n\n\n\n<p>Pour un s\u00e9jour de plus de 30 jours, les ressortissants fran\u00e7ais ou membres d\u2019un \u00c9tat de l\u2019Union europ\u00e9enne sont tenus, dans les 30 jours de leur arriv\u00e9e, de&nbsp;<a href=\"https:\/\/www.policie.cz\/clanek\/reporting-of-the-place-of-aliens-residence.aspx\" rel=\"noreferrer noopener\" target=\"_blank\">s\u2019enregistrer aupr\u00e8s de la police des \u00e9trangers<\/a>&nbsp;et de l\u2019informer de leur lieu de r\u00e9sidence. Cette obligation ne s\u2019applique pas aux personnes de moins de 15 ans ni aux employ\u00e9s d\u2019organisations internationales ou gouvernementales accr\u00e9dit\u00e9es en R\u00e9publique tch\u00e8que.<\/p>\n\n\n\n<p>Pour un s\u00e9jour de plus de 3 mois, il est possible de faire une demande de r\u00e9sidence temporaire ou de r\u00e9sidence permanente. Cela n\u2019est pas obligatoire, mais peut se r\u00e9v\u00e9ler n\u00e9cessaire pour ouvrir un compte bancaire, passer le permis de conduire, b\u00e9n\u00e9ficier d\u2019allocations ou acheter un bien immobilier.<\/p>\n\n\n\n<p>Les ressortissants fran\u00e7ais peuvent entrer, circuler et quitter la R\u00e9publique tch\u00e8que&nbsp;<strong>uniquement<\/strong>&nbsp;s\u2019ils sont en possession d\u2019une&nbsp;<strong>carte nationale d\u2019identit\u00e9 ou d\u2019un passeport en cours de validit\u00e9<\/strong>.<\/p>\n\n\n\n<p>Les cartes nationales d\u2019identit\u00e9 (CNI) d\u00e9livr\u00e9es \u00e0 des personnes majeures entre le 1er janvier 2004 et le 31 d\u00e9cembre 2013 sont consid\u00e9r\u00e9es par les autorit\u00e9s&nbsp;<em>fran\u00e7aises<\/em>&nbsp;comme \u00e9tant encore valables 5 ans apr\u00e8s la date de fin de validit\u00e9 indiqu\u00e9e au verso, m\u00eame si aucune modification mat\u00e9rielle de la carte plastifi\u00e9e n\u2019en atteste.<\/p>\n\n\n\n<p>N\u00e9anmoins, de fa\u00e7on \u00e0 \u00e9viter tout d\u00e9sagr\u00e9ment, il est vivement recommand\u00e9 de privil\u00e9gier l\u2019utilisation d\u2019un passeport ou d\u2019une CNI dont la date de validit\u00e9 n\u2019est pas en apparence p\u00e9rim\u00e9e. Certaines compagnies a\u00e9riennes n\u2019acceptent pas \u00e0 bord de leurs avions les voyageurs munis d\u2019une CNI pr\u00e9sentant une dur\u00e9e de validit\u00e9 facialement d\u00e9pass\u00e9e.<\/p>\n\n\n\n<p>En cas de voyage avec une carte nationale d\u2019identit\u00e9 dont la dur\u00e9e de validit\u00e9 est facialement d\u00e9pass\u00e9e mais qui b\u00e9n\u00e9ficie de cette extension de 5 ans, il est vivement recommand\u00e9 de t\u00e9l\u00e9charger et d\u2019imprimer la&nbsp;<a href=\"https:\/\/media.interieur.gouv.fr\/interieur\/cni-15ans\/document-a-telecharger-republiquetcheque.pdf\" rel=\"noreferrer noopener\" target=\"_blank\">notice multilingue<\/a>&nbsp;(PDF &#8211; 82,1 Ko) expliquant ces nouvelles r\u00e8gles.<\/p>\n\n\n\n<p><strong>Sant\u00e9&nbsp;:<\/strong><\/p>\n\n\n\n<p>Afin de pouvoir b\u00e9n\u00e9ficier d\u2019une prise en charge par la S\u00e9curit\u00e9 sociale, les Fran\u00e7ais de passage doivent \u00eatre munis d\u2019une&nbsp;<strong>carte europ\u00e9enne d\u2019assurance maladie<\/strong>, \u00e0 demander \u00e0 leur caisse locale&nbsp;<strong>au moins 15 jours avant le d\u00e9part<\/strong>. Pour plus d\u2019informations,&nbsp;<a href=\"https:\/\/www.ameli.fr\/assure\/droits-demarches\/europe-international\" rel=\"noreferrer noopener\" target=\"_blank\">consulter le site de l\u2019Assurance Maladie en ligne<\/a>.<\/p>\n\n\n\n<p>Afin de faire face aux frais d\u2019hospitalisation et aux d\u00e9penses de sant\u00e9, parfois tr\u00e8s \u00e9lev\u00e9s \u00e0 l\u2019\u00e9tranger, il est recommand\u00e9 de disposer d\u2019un contrat d\u2019assistance ou d\u2019une&nbsp;<a href=\"https:\/\/www.diplomatie.gouv.fr\/fr\/conseils-aux-voyageurs\/informations-pratiques\/preparer-son-depart\/assurances\/\">assurance<\/a>&nbsp;permettant de couvrir tous les frais m\u00e9dicaux et de rapatriement sanitaire. Ces frais ne pourront en aucun cas \u00eatre pris en charge par l\u2019ambassade de France sur place.<\/p>\n\n\n\n<p><a href=\"https:\/\/cz.ambafrance.org\/Medecins-avocats-traducteurs-et-interpretes-5696\" rel=\"noreferrer noopener\" target=\"_blank\">Liste des m\u00e9decins agr\u00e9\u00e9s aupr\u00e8s de l\u2019ambassade.<\/a><\/p>\n\n\n\n<p><strong>Urgences (h\u00f4pitaux disposant d\u2019un accueil multilingue pour les \u00e9trangers)&nbsp;:<\/strong><\/p>\n\n\n\n<p>H\u00f4pital universitaire v Motole, V Uvalu 84, 150 06 Prague 5.<br>T\u00e9l\u00a0: +420 224 431 111<\/p>\n\n\n\n<p>H\u00f4pital Na Homolce, Roentgenova 2, 150 30 Prague 5.<br>T\u00e9l\u00a0: +420 257 271 111 \/ +420 257 252 144 \/ +420 257 273 291<\/p>\n\n\n\n<p><\/p>\n\n\n\n<p><a href=\"https:\/\/cz.ambafrance.org\/\" target=\"_blank\" rel=\"noreferrer noopener\">https:\/\/cz.ambafrance.org\/<\/a><\/p>\n","protected":false},"excerpt":{"rendered":"<p>Monnaie&nbsp;: Couronne tch\u00e8que (1 couronne tch\u00e8que&nbsp;: 0.041 euro) Formalit\u00e9s d\u2019entr\u00e9e et de s\u00e9jour&nbsp;: La R\u00e9publique tch\u00e8que appartenant \u00e0 l\u2019espace Schengen, les ressortissants fran\u00e7ais ou d\u2019un \u00c9tat membre de l\u2019Union europ\u00e9enne, quel que soit l\u2019objet de leur visite, ne sont pas soumis \u00e0 l\u2019obligation de visa pour les s\u00e9jours de moins\u2026<\/p>\n<p> <a class=\"continue-reading-link\" href=\"http:\/\/blog.espe-bretagne.fr\/mobilites-internationales\/ambassade-formalites-dentree-dans-le-pays\/republique-tcheque\/\"><span>Continue reading<\/span><i class=\"crycon-right-dir\"><\/i><\/a> <\/p>\n","protected":false},"author":5,"featured_media":0,"parent":1597,"menu_order":0,"comment_status":"closed","ping_status":"closed","template":"","meta":{"footnotes":""},"class_list":["post-1579","page","type-page","status-publish","hentry"],"_links":{"self":[{"href":"http:\/\/blog.espe-bretagne.fr\/mobilites-internationales\/wp-json\/wp\/v2\/pages\/1579","targetHints":{"allow":["GET"]}}],"collection":[{"href":"http:\/\/blog.espe-bretagne.fr\/mobilites-internationales\/wp-json\/wp\/v2\/pages"}],"about":[{"href":"http:\/\/blog.espe-bretagne.fr\/mobilites-internationales\/wp-json\/wp\/v2\/types\/page"}],"author":[{"embeddable":true,"href":"http:\/\/blog.espe-bretagne.fr\/mobilites-internationales\/wp-json\/wp\/v2\/users\/5"}],"replies":[{"embeddable":true,"href":"http:\/\/blog.espe-bretagne.fr\/mobilites-internationales\/wp-json\/wp\/v2\/comments?post=1579"}],"version-history":[{"count":4,"href":"http:\/\/blog.espe-bretagne.fr\/mobilites-internationales\/wp-json\/wp\/v2\/pages\/1579\/revisions"}],"predecessor-version":[{"id":1693,"href":"http:\/\/blog.espe-bretagne.fr\/mobilites-internationales\/wp-json\/wp\/v2\/pages\/1579\/revisions\/1693"}],"up":[{"embeddable":true,"href":"http:\/\/blog.espe-bretagne.fr\/mobilites-internationales\/wp-json\/wp\/v2\/pages\/1597"}],"wp:attachment":[{"href":"http:\/\/blog.espe-bretagne.fr\/mobilites-internationales\/wp-json\/wp\/v2\/media?parent=1579"}],"curies":[{"name":"wp","href":"https:\/\/api.w.org\/{rel}","templated":true}]}}