{"id":1560,"date":"2022-12-19T08:34:36","date_gmt":"2022-12-19T08:34:36","guid":{"rendered":"http:\/\/blog.espe-bretagne.fr\/mobilites-internationales\/?page_id=1560"},"modified":"2025-01-29T07:51:56","modified_gmt":"2025-01-29T07:51:56","slug":"irlande","status":"publish","type":"page","link":"http:\/\/blog.espe-bretagne.fr\/mobilites-internationales\/ambassade-formalites-dentree-dans-le-pays\/irlande\/","title":{"rendered":"Irlande"},"content":{"rendered":"\n<figure class=\"wp-block-image size-full\"><a href=\"http:\/\/blog.espe-bretagne.fr\/mobilites-internationales\/wp-content\/uploads\/irlande.png\"><img loading=\"lazy\" decoding=\"async\" width=\"716\" height=\"411\" src=\"http:\/\/blog.espe-bretagne.fr\/mobilites-internationales\/wp-content\/uploads\/irlande.png\" alt=\"\" class=\"wp-image-1561\" srcset=\"http:\/\/blog.espe-bretagne.fr\/mobilites-internationales\/wp-content\/uploads\/irlande.png 716w, http:\/\/blog.espe-bretagne.fr\/mobilites-internationales\/wp-content\/uploads\/irlande-300x172.png 300w, http:\/\/blog.espe-bretagne.fr\/mobilites-internationales\/wp-content\/uploads\/irlande-150x86.png 150w\" sizes=\"auto, (max-width: 716px) 100vw, 716px\" \/><\/a><figcaption class=\"wp-element-caption\"><strong>Monnaie\u00a0:<\/strong> Euro<br><strong>\u00a0<\/strong><br><strong>Papiers d\u2019identit\u00e9<\/strong><br>Les ressortissants de l\u2019Union europ\u00e9enne sont exempt\u00e9s de visa et sont admis sur le territoire irlandais sur pr\u00e9sentation d\u2019une\u00a0<strong>carte nationale d\u2019identit\u00e9 ou d\u2019un passeport en cours de validit\u00e9.<\/strong>\u00a0Il convient de v\u00e9rifier que le document sera valide pour toute la dur\u00e9e du s\u00e9jour, dans la mesure o\u00f9 certaines compagnies a\u00e9riennes refusent l\u2019embarquement aux voyageurs munis d\u2019un document p\u00e9rim\u00e9.<br>Les ressortissants hors Union europ\u00e9enne d\u00e9pendent d\u2019accords diff\u00e9rents et peuvent \u00eatre soumis \u00e0 une obligation de visa. La carte de s\u00e9jour fran\u00e7aise ne permet donc pas de voyager en Irlande sans visa. Les conditions de s\u00e9jour d\u00e9pendent de votre nationalit\u00e9 d\u2019origine. Pour conna\u00eetre la liste des pays soumis \u00e0 visa pour l\u2019entr\u00e9e et le s\u00e9jour en Irlande, consulter\u00a0<a href=\"https:\/\/www.dfa.ie\/irish-embassy\/france\/our-services\/visas\/visas-for-ireland\/\" target=\"_blank\" rel=\"noreferrer noopener\">le site (en anglais) de l\u2019ambassade d\u2019Irlande en France<\/a>.<br>De nombreux voyageurs se voient confisquer leur document de voyage \u00e0 l\u2019arriv\u00e9e en Irlande si celui-ci a \u00e9t\u00e9 d\u00e9clar\u00e9 perdu ou vol\u00e9. Il est rappel\u00e9 qu\u2019un document d\u00e9clar\u00e9 perdu ou vol\u00e9 fait l\u2019objet d\u2019un signalement international et ne doit plus \u00eatre utilis\u00e9.<br>Les cartes nationales d\u2019identit\u00e9 (CNI) d\u00e9livr\u00e9es \u00e0 des majeurs entre le 1er janvier 2004 et le 31 d\u00e9cembre 2013 sont consid\u00e9r\u00e9es par les autorit\u00e9s fran\u00e7aises comme \u00e9tant toujours en cours de validit\u00e9 jusqu\u2019\u00e0 5 ans apr\u00e8s la date de fin de validit\u00e9 indiqu\u00e9e au verso, m\u00eame si aucune modification mat\u00e9rielle de la carte plastifi\u00e9e ne l\u2019atteste.\u00a0<strong>L\u2019Irlande tol\u00e8re cette modification non visible. N\u00e9anmoins, de fa\u00e7on \u00e0 \u00e9viter tout d\u00e9sagr\u00e9ment pendant votre voyage, il vous est vivement recommand\u00e9 de privil\u00e9gier l\u2019utilisation d\u2019un passeport valide \u00e0 celle d\u2019une CNI portant une date de fin de validit\u00e9 d\u00e9pass\u00e9e.<\/strong><br>En tant que ressortissants d\u2019un pays membre de l\u2019Union europ\u00e9enne, les Fran\u00e7ais sont autoris\u00e9s \u00e0 s\u00e9journer jusqu\u2019\u00e0 3 mois en Irlande, avec les membres de leur famille. Au-del\u00e0 de cette p\u00e9riode, les ressortissants fran\u00e7ais sont autoris\u00e9s \u00e0 rester sur le territoire irlandais \u00e0 condition de disposer des moyens financiers n\u00e9cessaires. L\u2019Irlande ne d\u00e9livre pas de carte de s\u00e9jour aux ressortissants de l\u2019Union europ\u00e9enne et aucune d\u00e9marche d\u2019enregistrement aupr\u00e8s des services d\u2019immigration n\u2019est n\u00e9cessaire.<br>D\u00e9placements entre l\u2019Irlande et l\u2019Irlande du Nord<br>Bien que la fronti\u00e8re terrestre entre l\u2019Irlande et l\u2019Irlande du Nord (Royaume-Uni) soit ouverte, tous les voyageurs qui souhaitent la franchir doivent se conformer aux exigences de voyage du Royaume-Uni. Ainsi, pour tout d\u00e9placement vers l\u2019Irlande du Nord depuis l\u2019Irlande, il est n\u00e9cessaire de disposer d\u2019un passeport valide\u00a0: la carte nationale d\u2019identit\u00e9 fran\u00e7aise n\u2019est plus accept\u00e9e par les autorit\u00e9s britanniques. En outre, \u00e0 partir du 2 avril 2025, les citoyens fran\u00e7ais devront obtenir une Autorisation \u00e9lectronique de voyage (ETA) pour pouvoir se rendre au Royaume-Uni, Irlande du Nord incluse (\u00e0 l\u2019exception des d\u00e9tenteurs d\u2019un visa britannique ou d\u2019un statut de r\u00e9sident britannique ou irlandais). Pour plus d\u2019informations, veuillez consulter la page des conseils aux voyageurs pour le Royaume-Uni.<br><br><strong>Sant\u00e9<\/strong><br>Afin de pouvoir b\u00e9n\u00e9ficier d\u2019une prise en charge par la S\u00e9curit\u00e9 sociale, les Fran\u00e7ais de passage doivent \u00eatre munis d\u2019une carte europ\u00e9enne d\u2019assurance maladie, \u00e0 demander au centre de s\u00e9curit\u00e9 sociale au moins 15 jours avant le d\u00e9part.<br>Pour plus d\u2019informations, consultez le site de l\u2019<a href=\"https:\/\/www.ameli.fr\/assure\/droits-demarches\/europe-international\" target=\"_blank\" rel=\"noreferrer noopener\">Assurance maladie<\/a>.<br>Afin de faire face aux frais d\u2019hospitalisation et aux d\u00e9penses de sant\u00e9 parfois \u00e9lev\u00e9s \u00e0 l\u2019\u00e9tranger, il est recommand\u00e9 de disposer d\u2019un contrat d\u2019assistance ou d\u2019une\u00a0<a href=\"https:\/\/www.diplomatie.gouv.fr\/fr\/conseils-aux-voyageurs\/informations-pratiques\/preparer-son-depart\/assurances\/\">assurance<\/a>\u00a0permettant de couvrir tous les frais m\u00e9dicaux et de rapatriement sanitaire. Ces frais ne pourront en aucun cas \u00eatre pris en charge par l\u2019ambassade de France sur place. Il est sugg\u00e9r\u00e9 aux voyageurs de v\u00e9rifier en amont de leur d\u00e9placement s\u2019ils b\u00e9n\u00e9ficient d\u2019une assurance rapatriement couverte par leur carte bancaire.<br><strong>\u00a0<\/strong><br>\u00a0<\/figcaption><\/figure>\n","protected":false},"excerpt":{"rendered":"<p> <a class=\"continue-reading-link\" href=\"http:\/\/blog.espe-bretagne.fr\/mobilites-internationales\/ambassade-formalites-dentree-dans-le-pays\/irlande\/\"><span>Continue reading<\/span><i class=\"crycon-right-dir\"><\/i><\/a> <\/p>\n","protected":false},"author":5,"featured_media":0,"parent":1597,"menu_order":0,"comment_status":"closed","ping_status":"closed","template":"","meta":{"footnotes":""},"class_list":["post-1560","page","type-page","status-publish","hentry"],"_links":{"self":[{"href":"http:\/\/blog.espe-bretagne.fr\/mobilites-internationales\/wp-json\/wp\/v2\/pages\/1560","targetHints":{"allow":["GET"]}}],"collection":[{"href":"http:\/\/blog.espe-bretagne.fr\/mobilites-internationales\/wp-json\/wp\/v2\/pages"}],"about":[{"href":"http:\/\/blog.espe-bretagne.fr\/mobilites-internationales\/wp-json\/wp\/v2\/types\/page"}],"author":[{"embeddable":true,"href":"http:\/\/blog.espe-bretagne.fr\/mobilites-internationales\/wp-json\/wp\/v2\/users\/5"}],"replies":[{"embeddable":true,"href":"http:\/\/blog.espe-bretagne.fr\/mobilites-internationales\/wp-json\/wp\/v2\/comments?post=1560"}],"version-history":[{"count":4,"href":"http:\/\/blog.espe-bretagne.fr\/mobilites-internationales\/wp-json\/wp\/v2\/pages\/1560\/revisions"}],"predecessor-version":[{"id":1683,"href":"http:\/\/blog.espe-bretagne.fr\/mobilites-internationales\/wp-json\/wp\/v2\/pages\/1560\/revisions\/1683"}],"up":[{"embeddable":true,"href":"http:\/\/blog.espe-bretagne.fr\/mobilites-internationales\/wp-json\/wp\/v2\/pages\/1597"}],"wp:attachment":[{"href":"http:\/\/blog.espe-bretagne.fr\/mobilites-internationales\/wp-json\/wp\/v2\/media?parent=1560"}],"curies":[{"name":"wp","href":"https:\/\/api.w.org\/{rel}","templated":true}]}}