{"id":2346,"date":"2016-04-11T12:28:07","date_gmt":"2016-04-11T11:28:07","guid":{"rendered":"http:\/\/python.espe-bretagne.fr\/ace\/?page_id=2346"},"modified":"2019-12-07T09:19:35","modified_gmt":"2019-12-07T08:19:35","slug":"production-dans-le-journal-du-nombre","status":"publish","type":"page","link":"http:\/\/blog.espe-bretagne.fr\/ace\/?page_id=2346","title":{"rendered":"Le journal du Nombre"},"content":{"rendered":"<p>Cette page \u00a0permet le partage des usages du Journal du Nombre dans les classes. Vous y trouverez des incitations\/productions provenant de diverses classes.<\/p>\n<p>Le texte suivant introduit le Journal du Nombre \u00a0et peut constituer sa raison d&#8217;\u00eatre<\/p>\n<p>\u00ab\u00a0J\u2019\u00e9cris des math\u00e9matiques pour mieux comprendre les nombres et les signes math\u00e9matiques, pour mieux m\u2019en servir, et pour que la classe comprenne mieux les nombres et les signes math\u00e9matiques, pour mieux s\u2019en servir\u00a0\u00bb.<\/p>\n<p><strong>A partir du lien suivant, vous trouverez un texte de pr\u00e9sentation du journal du nombre, issu d&#8217;un module M@gist\u00e8re qui lui a \u00e9t\u00e9 consacr\u00e9 :<\/strong><\/p>\n<p><a href=\"http:\/\/python.espe-bretagne.fr\/ace\/wp-content\/uploads\/Pre\u0301sentation-du-Journal-du-Nombre.pdf\" rel=\"\">Pre\u0301sentation du Journal du Nombre<\/a><\/p>\n","protected":false},"excerpt":{"rendered":"<p>Cette page \u00a0permet le partage des usages du Journal du Nombre dans les classes. Vous y trouverez des incitations\/productions provenant de diverses classes. Le texte suivant introduit le Journal du Nombre \u00a0et peut constituer sa raison d&#8217;\u00eatre \u00ab\u00a0J\u2019\u00e9cris des math\u00e9matiques pour mieux comprendre les nombres et les signes math\u00e9matiques, pour &#8230;<\/p>\n<p> <a class=\"continue-reading-link\" href=\"http:\/\/blog.espe-bretagne.fr\/ace\/?page_id=2346\"><span>Continue reading<\/span><i class=\"crycon-right-dir\"><\/i><\/a> <\/p>\n","protected":false},"author":6,"featured_media":0,"parent":0,"menu_order":0,"comment_status":"closed","ping_status":"closed","template":"","meta":{"footnotes":""},"class_list":["post-2346","page","type-page","status-publish","hentry"],"_links":{"self":[{"href":"http:\/\/blog.espe-bretagne.fr\/ace\/index.php?rest_route=\/wp\/v2\/pages\/2346","targetHints":{"allow":["GET"]}}],"collection":[{"href":"http:\/\/blog.espe-bretagne.fr\/ace\/index.php?rest_route=\/wp\/v2\/pages"}],"about":[{"href":"http:\/\/blog.espe-bretagne.fr\/ace\/index.php?rest_route=\/wp\/v2\/types\/page"}],"author":[{"embeddable":true,"href":"http:\/\/blog.espe-bretagne.fr\/ace\/index.php?rest_route=\/wp\/v2\/users\/6"}],"replies":[{"embeddable":true,"href":"http:\/\/blog.espe-bretagne.fr\/ace\/index.php?rest_route=%2Fwp%2Fv2%2Fcomments&post=2346"}],"version-history":[{"count":9,"href":"http:\/\/blog.espe-bretagne.fr\/ace\/index.php?rest_route=\/wp\/v2\/pages\/2346\/revisions"}],"predecessor-version":[{"id":2942,"href":"http:\/\/blog.espe-bretagne.fr\/ace\/index.php?rest_route=\/wp\/v2\/pages\/2346\/revisions\/2942"}],"wp:attachment":[{"href":"http:\/\/blog.espe-bretagne.fr\/ace\/index.php?rest_route=%2Fwp%2Fv2%2Fmedia&parent=2346"}],"curies":[{"name":"wp","href":"https:\/\/api.w.org\/{rel}","templated":true}]}}