{"id":1702,"date":"2015-04-07T17:50:49","date_gmt":"2015-04-07T16:50:49","guid":{"rendered":"http:\/\/python.espe-bretagne.fr\/ace\/?page_id=1702"},"modified":"2018-09-20T07:21:15","modified_gmt":"2018-09-20T06:21:15","slug":"deroulement-2","status":"publish","type":"page","link":"http:\/\/blog.espe-bretagne.fr\/ace\/?page_id=1702","title":{"rendered":"Ressources CP"},"content":{"rendered":"<p>Sous cet onglet se trouve l&#8217;ensemble des documents n\u00e9cessaires \u00e0 la mise en oeuvre de la progression ACE.<\/p>\n<p>Il regroupe :<\/p>\n<p>&#8211; les d\u00e9roulements par trimestre des domaines &#8220;Situations&#8221;, &#8220;R\u00e9solution de probl\u00e8mes&#8221; et &#8220;Estimation, grandeurs et mesures&#8221;<\/p>\n<p>&#8211; le d\u00e9roulement du domaine &#8220;Calcul Mental&#8221; accompagn\u00e9 des diaporamas propos\u00e9s<\/p>\n<p>&#8211; le mat\u00e9riel n\u00e9cessaire au domaine\u00a0 &#8220;Estimation, grandeurs et mesures&#8221; : logiciel &#8220;Estimateur&#8221;, diaporamas;<\/p>\n<p>&#8211; des documents explicitant le dispositif d&#8217;anticipation et de du journal du nombre;<\/p>\n<p>&#8211; des propositions d&#8217;\u00e9valuation de fin de trimestre.<\/p>\n<p>&nbsp;<\/p>\n","protected":false},"excerpt":{"rendered":"<p>Sous cet onglet se trouve l&#8217;ensemble des documents n\u00e9cessaires \u00e0 la mise en oeuvre de la progression ACE. Il regroupe : &#8211; les d\u00e9roulements par trimestre des domaines &#8220;Situations&#8221;, &#8220;R\u00e9solution de probl\u00e8mes&#8221; et &#8220;Estimation, grandeurs et mesures&#8221; &#8211; le d\u00e9roulement du domaine &#8220;Calcul Mental&#8221; accompagn\u00e9 des diaporamas propos\u00e9s &#8211; le &#8230;<\/p>\n<p> <a class=\"continue-reading-link\" href=\"http:\/\/blog.espe-bretagne.fr\/ace\/?page_id=1702\"><span>Continue reading<\/span><i class=\"crycon-right-dir\"><\/i><\/a> <\/p>\n","protected":false},"author":6,"featured_media":0,"parent":0,"menu_order":0,"comment_status":"closed","ping_status":"open","template":"","meta":{"footnotes":""},"class_list":["post-1702","page","type-page","status-publish","hentry"],"_links":{"self":[{"href":"http:\/\/blog.espe-bretagne.fr\/ace\/index.php?rest_route=\/wp\/v2\/pages\/1702","targetHints":{"allow":["GET"]}}],"collection":[{"href":"http:\/\/blog.espe-bretagne.fr\/ace\/index.php?rest_route=\/wp\/v2\/pages"}],"about":[{"href":"http:\/\/blog.espe-bretagne.fr\/ace\/index.php?rest_route=\/wp\/v2\/types\/page"}],"author":[{"embeddable":true,"href":"http:\/\/blog.espe-bretagne.fr\/ace\/index.php?rest_route=\/wp\/v2\/users\/6"}],"replies":[{"embeddable":true,"href":"http:\/\/blog.espe-bretagne.fr\/ace\/index.php?rest_route=%2Fwp%2Fv2%2Fcomments&post=1702"}],"version-history":[{"count":4,"href":"http:\/\/blog.espe-bretagne.fr\/ace\/index.php?rest_route=\/wp\/v2\/pages\/1702\/revisions"}],"predecessor-version":[{"id":2052,"href":"http:\/\/blog.espe-bretagne.fr\/ace\/index.php?rest_route=\/wp\/v2\/pages\/1702\/revisions\/2052"}],"wp:attachment":[{"href":"http:\/\/blog.espe-bretagne.fr\/ace\/index.php?rest_route=%2Fwp%2Fv2%2Fmedia&parent=1702"}],"curies":[{"name":"wp","href":"https:\/\/api.w.org\/{rel}","templated":true}]}}